{"id":822,"date":"2016-10-22T11:03:15","date_gmt":"2016-10-22T15:03:15","guid":{"rendered":"http:\/\/lesloriots.ca\/Wordpress\/?page_id=822"},"modified":"2016-11-17T09:07:53","modified_gmt":"2016-11-17T14:07:53","slug":"historique","status":"publish","type":"page","link":"https:\/\/lesloriots.ca\/Wordpress\/historique\/","title":{"rendered":"Historique"},"content":{"rendered":"<p><b>Extraits\u00a0de la pr\u00e9sentation de M. Gabriel Laroche, membre fondateur,\u00a0au <\/b><b><i>Lancement du 40<\/i><\/b><sup><b><i>e<\/i><\/b><\/sup><b>, le 1<\/b><sup><b>er<\/b><\/sup><b> mai 2015<\/b><\/p>\n<p><img loading=\"lazy\" decoding=\"async\" class=\"alignright wp-image-824 \" src=\"http:\/\/lesloriots.ca\/Wordpress\/wp-content\/uploads\/2016\/10\/LORIOTS-membres_associ\u00e9s_2013AVR21-coup\u00e9-230x300.jpg\" alt=\"loriots-membres_associes_2013avr21-coupe\" width=\"237\" height=\"309\" srcset=\"https:\/\/lesloriots.ca\/Wordpress\/wp-content\/uploads\/2016\/10\/LORIOTS-membres_associ\u00e9s_2013AVR21-coup\u00e9-230x300.jpg 230w, https:\/\/lesloriots.ca\/Wordpress\/wp-content\/uploads\/2016\/10\/LORIOTS-membres_associ\u00e9s_2013AVR21-coup\u00e9.jpg 382w\" sizes=\"auto, (max-width: 237px) 100vw, 237px\" \/><\/p>\n<p>Au d\u00e9part, je veux vous dire que les Loriots, c&rsquo;est une famille&#8230; une belle famille&#8230; une grande famille qui a \u00e9volu\u00e9 pendant 40 ans \u00e0 travers une enfance, une adolescence et maintenant rendue \u00e0 maturit\u00e9. Je vous avertis tout de suite; on n&rsquo;a pas commenc\u00e9 \u00e0 planifier notre retraite et encore moins, la vieillesse ne se pointe m\u00eame pas \u00e0 l&rsquo;horizon.<\/p>\n<p>Toute cette histoire de famille a commenc\u00e9 un peu par hasard; \u00e7a ressemblerait \u00e0 de la fusion spontan\u00e9e. \u00c0 l&rsquo;\u00e9t\u00e9 1975, le cur\u00e9 Ange-Albert Hamelin demande \u00e0 un paroissien-chanteur, Michel Caron, de former un groupe qui animerait une messe t\u00e9l\u00e9vis\u00e9e \u00e0 Cap-Rouge, en septembre. Mission accomplie, avec le support d&rsquo;une vingtaine de choristes. Vous voulez savoir ce qui est arriv\u00e9? ON A AIM\u00c9 \u00c7A&#8230; \u00c0 ce point qu\u2019on a continu\u00e9 \u00e0 se r\u00e9unir toutes les semaines; on r\u00e9p\u00e9tait \u00e0 la sacristie. On a commenc\u00e9 \u00e0 donner des concerts \u00e0 l&rsquo;\u00e9glise, \u00e0 No\u00ebl et \u00e0 la fin de l&rsquo;ann\u00e9e. On avait un r\u00e9pertoire profane essentiellement compos\u00e9 de folklore qu\u00e9b\u00e9cois. D\u00e8s la deuxi\u00e8me ann\u00e9e, on a form\u00e9 un premier conseil d&rsquo;administration; Carole Dugr\u00e9 en a assum\u00e9 la premi\u00e8re pr\u00e9sidence. Et ainsi, le groupe a progress\u00e9 lentement pendant une dizaine d&rsquo;ann\u00e9es.<\/p>\n<p>En 1985, on avait 10 ans; la Ville de Cap-Rouge a commenc\u00e9 \u00e0 nous courtiser. Et rapidement on est devenu un organisme reconnu et affili\u00e9 \u00e0 la Ville. De plus, on a commenc\u00e9 \u00e0 r\u00e9p\u00e9ter dans un local fourni par la Ville. C&rsquo;est aussi \u00e0 cette p\u00e9riode que le groupe a vraiment commenc\u00e9 \u00e0 se structurer. En 1986, on s\u2019est incorpor\u00e9, on a re\u00e7u nos lettres patentes et adopt\u00e9 nos premiers r\u00e8glements g\u00e9n\u00e9raux. Sur les plans choral et musical, on est entr\u00e9 dans une \u00e8re de grande effervescence. Nous sommes devenus des ados : on a commenc\u00e9 \u00e0 sortir, \u00e0 socialiser, \u00e0 s&rsquo;ouvrir au\u00a0changement.<\/p>\n<p>Arrive Carole Bellavance en 1990, jeune chef, dynamique, pas contamin\u00e9e dans d&rsquo;autres\u00a0chorales. Au cours des six ann\u00e9es suivantes :<\/p>\n<ul>\n<li>on s&rsquo;est mis \u00e0 fr\u00e9quenter d&rsquo;autres chorales en s&rsquo;associant \u00e0 <i>Chanson nouvelle<\/i>, regroupement r\u00e9gional de chorales;<\/li>\n<li>on a commenc\u00e9 \u00e0 chanter sans partitions;<\/li>\n<li>on a commenc\u00e9 \u00e0 bouger, \u00e0 danser sur la sc\u00e8ne;<\/li>\n<li>on s&rsquo;est donn\u00e9 du perfectionnement;<\/li>\n<li>on a rajeuni notre r\u00e9pertoire;<\/li>\n<li>on a comp\u00e9tionn\u00e9 avec d&rsquo;autres chorales;<\/li>\n<li>on a commenc\u00e9 \u00e0 voyager : trois fois en Europe et on a chant\u00e9 sur un grand nombre de sc\u00e8nes \u00e0 Qu\u00e9bec et dans les environs.<\/li>\n<\/ul>\n<p>Puis, on s&rsquo;est calm\u00e9\u2026 Les choristes ont pris un peu d&rsquo;\u00e2ge et surtout on a pris de la maturit\u00e9. Ainsi, on a entrepris notre troisi\u00e8me d\u00e9cennie avec Michel Cervant qui nous a dirig\u00e9 pendant neuf ans. P\u00e9riode d&rsquo;\u00e9quilibre adapt\u00e9e aux choristes. Notre r\u00e9pertoire s&rsquo;est de plus en plus diversifi\u00e9. On a mis l&rsquo;accent sur la qualit\u00e9 musicale et visuelle. Je dirais qu&rsquo;on s&rsquo;est raffin\u00e9. On a fait quatre voyages en Europe pendant cette p\u00e9riode et on a chant\u00e9 r\u00e9guli\u00e8rement dans des r\u00e9sidences de personnes \u00e2g\u00e9es.<\/p>\n<p>Et maintenant, en poursuivant notre quatri\u00e8me d\u00e9cennie, nous avons un autre chef : Tim Vermilyea, qui, lui, a d&rsquo;abord \u00e9t\u00e9 choriste chez nous. \u00c0 un moment donn\u00e9, il y a eu un croisement de plan\u00e8tes; des circonstances particuli\u00e8res se sont pr\u00e9sent\u00e9es et Tim a pris en main notre ch\u0153ur devenu tr\u00e8s mature. Tim a une particularit\u00e9, il est d&rsquo;origine am\u00e9ricaine; et c&rsquo;est ainsi qu&rsquo;il nous apporte un style et une couleur tr\u00e8s originale.<\/p>\n<hr \/>\n<p><strong>Remerciements \u00e0 Gaby,\u00a0lors du concert de No\u00ebl 2015<\/strong><\/p>\n<div style=\"width: 640px;\" class=\"wp-video\"><video class=\"wp-video-shortcode\" id=\"video-822-1\" width=\"640\" height=\"360\" poster=\"http:\/\/lesloriots.ca\/Wordpress\/wp-content\/uploads\/2016\/10\/2015-12-05-Hommage-\u00e0-Gaby.jpeg\" preload=\"metadata\" controls=\"controls\"><source type=\"video\/mp4\" src=\"http:\/\/lesloriots.ca\/Wordpress\/wp-content\/uploads\/2016\/10\/2015-12-05-Hommage-\u00e0-Gaby-640x360.mp4?_=1\" \/><a href=\"http:\/\/lesloriots.ca\/Wordpress\/wp-content\/uploads\/2016\/10\/2015-12-05-Hommage-\u00e0-Gaby-640x360.mp4\">http:\/\/lesloriots.ca\/Wordpress\/wp-content\/uploads\/2016\/10\/2015-12-05-Hommage-\u00e0-Gaby-640x360.mp4<\/a><\/video><\/div>\n","protected":false},"excerpt":{"rendered":"<p>Extraits\u00a0de la pr\u00e9sentation de M. Gabriel Laroche, membre fondateur,\u00a0au Lancement du 40e, le 1er mai 2015 Au d\u00e9part, je veux vous dire que les Loriots, c&rsquo;est une famille&#8230; une belle famille&#8230; une grande famille qui a \u00e9volu\u00e9 pendant 40 ans \u00e0 travers une enfance, une adolescence et maintenant rendue \u00e0 maturit\u00e9. Je vous avertis tout &#8230; <a title=\"Historique\" class=\"read-more\" href=\"https:\/\/lesloriots.ca\/Wordpress\/historique\/\" aria-label=\"En savoir plus sur Historique\">Read more<\/a><\/p>\n","protected":false},"author":3,"featured_media":0,"parent":0,"menu_order":0,"comment_status":"closed","ping_status":"closed","template":"","meta":{"generate_page_header":"","footnotes":""},"class_list":["post-822","page","type-page","status-publish"],"_links":{"self":[{"href":"https:\/\/lesloriots.ca\/Wordpress\/wp-json\/wp\/v2\/pages\/822","targetHints":{"allow":["GET"]}}],"collection":[{"href":"https:\/\/lesloriots.ca\/Wordpress\/wp-json\/wp\/v2\/pages"}],"about":[{"href":"https:\/\/lesloriots.ca\/Wordpress\/wp-json\/wp\/v2\/types\/page"}],"author":[{"embeddable":true,"href":"https:\/\/lesloriots.ca\/Wordpress\/wp-json\/wp\/v2\/users\/3"}],"replies":[{"embeddable":true,"href":"https:\/\/lesloriots.ca\/Wordpress\/wp-json\/wp\/v2\/comments?post=822"}],"version-history":[{"count":7,"href":"https:\/\/lesloriots.ca\/Wordpress\/wp-json\/wp\/v2\/pages\/822\/revisions"}],"predecessor-version":[{"id":894,"href":"https:\/\/lesloriots.ca\/Wordpress\/wp-json\/wp\/v2\/pages\/822\/revisions\/894"}],"wp:attachment":[{"href":"https:\/\/lesloriots.ca\/Wordpress\/wp-json\/wp\/v2\/media?parent=822"}],"curies":[{"name":"wp","href":"https:\/\/api.w.org\/{rel}","templated":true}]}}