{"id":64,"date":"2016-08-30T10:14:17","date_gmt":"2016-08-30T14:14:17","guid":{"rendered":"http:\/\/lesloriots.ca\/Wordpress\/?page_id=64"},"modified":"2026-03-03T19:08:12","modified_gmt":"2026-03-04T00:08:12","slug":"organisation","status":"publish","type":"page","link":"https:\/\/lesloriots.ca\/Wordpress\/sample-page\/organisation\/","title":{"rendered":"Organisation"},"content":{"rendered":"\n<p>Un conseil d&rsquo;administration a la responsabilit\u00e9 de l\u2019organisation du Groupe vocal Les Loriots et en coordonne les activit\u00e9s.<\/p>\n\n\n\n<p>Celui-ci est \u00e9lu \u00e0 chaque ann\u00e9e en assembl\u00e9e g\u00e9n\u00e9rale. Pour l&rsquo;ann\u00e9e 2025-2026, il est constitu\u00e9 des personnes suivantes :<\/p>\n\n\n<div class=\"wp-block-image\">\n<figure class=\"alignleft size-large is-resized\"><img loading=\"lazy\" decoding=\"async\" width=\"1024\" height=\"790\" src=\"https:\/\/lesloriots.ca\/Wordpress\/wp-content\/uploads\/2026\/02\/Assemblage-CA-2025-26-1024x790.jpg\" alt=\"\" class=\"wp-image-6368\" style=\"width:536px;height:auto\" srcset=\"https:\/\/lesloriots.ca\/Wordpress\/wp-content\/uploads\/2026\/02\/Assemblage-CA-2025-26-1024x790.jpg 1024w, https:\/\/lesloriots.ca\/Wordpress\/wp-content\/uploads\/2026\/02\/Assemblage-CA-2025-26-300x232.jpg 300w, https:\/\/lesloriots.ca\/Wordpress\/wp-content\/uploads\/2026\/02\/Assemblage-CA-2025-26-768x593.jpg 768w, https:\/\/lesloriots.ca\/Wordpress\/wp-content\/uploads\/2026\/02\/Assemblage-CA-2025-26.jpg 1275w\" sizes=\"auto, (max-width: 1024px) 100vw, 1024px\" \/><figcaption class=\"wp-element-caption\">Conseil d&rsquo;administration 2025-2026<\/figcaption><\/figure>\n<\/div>\n\n\n<p><br><br>Bruno Duquet, secr\u00e9taire<br>Line Paulin, pr\u00e9sidente<br>Marie-Mich\u00e8le Langlois, vice-pr\u00e9sidente<br>Martine Lemay, administratrice<br>Nicole Fournier, tr\u00e9sori\u00e8re<br>Marise Bernier, administratrice<br>Denis Doyon, administrateur<br><br><br><br><br><br><br><br><br><br><br><br><br><br><\/p>\n\n\n\n<p>De plus, les personnes d\u00e9sirant s\u2019impliquer davantage peuvent contribuer \u00e0 la r\u00e9alisation des mandats confi\u00e9s aux comit\u00e9s ou \u00e0 titre individuel, offrir une assistance \u00e0 certains comit\u00e9s ad hoc ou \u00e0 toute autre t\u00e2che ponctuelle.<\/p>\n\n\n\n<p>Les&nbsp;six comit\u00e9s sont&nbsp;:<\/p>\n\n\n\n<ul class=\"wp-block-list\">\n<li>le comit\u00e9 musical;<\/li>\n\n\n\n<li>le comit\u00e9 de mise en sc\u00e8ne;<\/li>\n\n\n\n<li>le comit\u00e9 des communications;<\/li>\n\n\n\n<li>le comit\u00e9 social;<\/li>\n\n\n\n<li>le comit\u00e9 technique;<\/li>\n\n\n\n<li>le comit\u00e9 de la\u00a0billetterie-accueil.<\/li>\n<\/ul>\n","protected":false},"excerpt":{"rendered":"<p>Un conseil d&rsquo;administration a la responsabilit\u00e9 de l\u2019organisation du Groupe vocal Les Loriots et en coordonne les activit\u00e9s. Celui-ci est \u00e9lu \u00e0 chaque ann\u00e9e en assembl\u00e9e g\u00e9n\u00e9rale. Pour l&rsquo;ann\u00e9e 2025-2026, il est constitu\u00e9 des personnes suivantes : Bruno Duquet, secr\u00e9taireLine Paulin, pr\u00e9sidenteMarie-Mich\u00e8le Langlois, vice-pr\u00e9sidenteMartine Lemay, administratriceNicole Fournier, tr\u00e9sori\u00e8reMarise Bernier, administratriceDenis Doyon, administrateur De plus, les &#8230; <a title=\"Organisation\" class=\"read-more\" href=\"https:\/\/lesloriots.ca\/Wordpress\/sample-page\/organisation\/\" aria-label=\"En savoir plus sur Organisation\">Read more<\/a><\/p>\n","protected":false},"author":1,"featured_media":0,"parent":2,"menu_order":2,"comment_status":"closed","ping_status":"closed","template":"","meta":{"generate_page_header":"","footnotes":""},"class_list":["post-64","page","type-page","status-publish"],"_links":{"self":[{"href":"https:\/\/lesloriots.ca\/Wordpress\/wp-json\/wp\/v2\/pages\/64","targetHints":{"allow":["GET"]}}],"collection":[{"href":"https:\/\/lesloriots.ca\/Wordpress\/wp-json\/wp\/v2\/pages"}],"about":[{"href":"https:\/\/lesloriots.ca\/Wordpress\/wp-json\/wp\/v2\/types\/page"}],"author":[{"embeddable":true,"href":"https:\/\/lesloriots.ca\/Wordpress\/wp-json\/wp\/v2\/users\/1"}],"replies":[{"embeddable":true,"href":"https:\/\/lesloriots.ca\/Wordpress\/wp-json\/wp\/v2\/comments?post=64"}],"version-history":[{"count":58,"href":"https:\/\/lesloriots.ca\/Wordpress\/wp-json\/wp\/v2\/pages\/64\/revisions"}],"predecessor-version":[{"id":6419,"href":"https:\/\/lesloriots.ca\/Wordpress\/wp-json\/wp\/v2\/pages\/64\/revisions\/6419"}],"up":[{"embeddable":true,"href":"https:\/\/lesloriots.ca\/Wordpress\/wp-json\/wp\/v2\/pages\/2"}],"wp:attachment":[{"href":"https:\/\/lesloriots.ca\/Wordpress\/wp-json\/wp\/v2\/media?parent=64"}],"curies":[{"name":"wp","href":"https:\/\/api.w.org\/{rel}","templated":true}]}}