{"id":4933,"date":"2024-05-27T10:44:01","date_gmt":"2024-05-27T14:44:01","guid":{"rendered":"https:\/\/lesloriots.ca\/Wordpress\/?page_id=4933"},"modified":"2025-11-13T16:29:47","modified_gmt":"2025-11-13T21:29:47","slug":"or-2024","status":"publish","type":"page","link":"https:\/\/lesloriots.ca\/Wordpress\/or-2024\/","title":{"rendered":"Or 2024"},"content":{"rendered":"\n<h3 class=\"wp-block-heading\">Extrait du feuillet du concert printanier 2024.<\/h3>\n\n\n\n<figure class=\"wp-block-table is-style-regular\"><table><tbody><tr><td>Accommodation Triolet <br>Association des marchands d\u00e9panneurs et \u00e9piciers du Qu\u00e9bec (AMDEQ)<a href=\"https:\/\/www.amdeq.ca\/\"> <\/a><br>Andr\u00e9 Boucher, Comptable professionnel agr\u00e9\u00e9 <br>Benjamin Hangsin, RE\/MAX <br>Claude Par\u00e9, Gestion de patrimoine TD <br>Clinique dentaire Jules-Verne, Catherine Ouellet-Ch\u00e9nard <br>Garage M\u00e9canique 2001<br>Gestion Supra (1998) Inc., Sylvie Racine<br>Groupe Garneau Thanatologue Inc. <br>Groupe Geloso <br>Harmonie Audition, Myriam Brunel <br>IGA Coop de Sainte-Foy <br>Jason Gagnon, Royal LePage<\/td><td>Les Capitales de Qu\u00e9bec<br>Louis Magnan, Financi\u00e8re Banque Nationale <br>Maison Cap d&rsquo;Espoir <br>M\u00e9tro Plus St-Augustin &#8211; L\u2019H\u00e9tri\u00e8re <br>Performance B\u00e9gin <br>Pharmacie Brunet (Quatre-Bourgeois), V\u00e9ronique Bourget <br>Pharmacie Brunet Plus (L\u2019H\u00e9tri\u00e8re), Nancy Martel et Marie-Claude Thivierge <br>Pharmacie Jean Coutu (Cap-Rouge), Annie Sanfa\u00e7on et Marie-Claude Ouellet <br>Restaurant Le Galopin <br>Restaurant l&rsquo;Ostrea <br>Voyage Paradis, Laurent Grand&rsquo;Maison<\/td><\/tr><\/tbody><\/table><\/figure>\n\n\n\n<h3 class=\"wp-block-heading\">Extrait de la vid\u00e9o projet\u00e9e lors du concert printanier 2024 (dans l&rsquo;ordre du feuillet)<\/h3>\n\n\n\n<figure class=\"wp-block-video\"><video height=\"720\" style=\"aspect-ratio: 1280 \/ 720;\" width=\"1280\" controls src=\"https:\/\/lesloriots.ca\/Wordpress\/wp-content\/uploads\/2024\/05\/Commanditaires-2024-Or-1.mp4\"><\/video><\/figure>\n","protected":false},"excerpt":{"rendered":"<p>Extrait du feuillet du concert printanier 2024. Accommodation Triolet Association des marchands d\u00e9panneurs et \u00e9piciers du Qu\u00e9bec (AMDEQ) Andr\u00e9 Boucher, Comptable professionnel agr\u00e9\u00e9 Benjamin Hangsin, RE\/MAX Claude Par\u00e9, Gestion de patrimoine TD Clinique dentaire Jules-Verne, Catherine Ouellet-Ch\u00e9nard Garage M\u00e9canique 2001Gestion Supra (1998) Inc., Sylvie RacineGroupe Garneau Thanatologue Inc. Groupe Geloso Harmonie Audition, Myriam Brunel IGA &#8230; <a title=\"Or 2024\" class=\"read-more\" href=\"https:\/\/lesloriots.ca\/Wordpress\/or-2024\/\" aria-label=\"En savoir plus sur Or 2024\">Read more<\/a><\/p>\n","protected":false},"author":1,"featured_media":0,"parent":0,"menu_order":0,"comment_status":"closed","ping_status":"closed","template":"","meta":{"generate_page_header":"","footnotes":""},"class_list":["post-4933","page","type-page","status-publish"],"_links":{"self":[{"href":"https:\/\/lesloriots.ca\/Wordpress\/wp-json\/wp\/v2\/pages\/4933","targetHints":{"allow":["GET"]}}],"collection":[{"href":"https:\/\/lesloriots.ca\/Wordpress\/wp-json\/wp\/v2\/pages"}],"about":[{"href":"https:\/\/lesloriots.ca\/Wordpress\/wp-json\/wp\/v2\/types\/page"}],"author":[{"embeddable":true,"href":"https:\/\/lesloriots.ca\/Wordpress\/wp-json\/wp\/v2\/users\/1"}],"replies":[{"embeddable":true,"href":"https:\/\/lesloriots.ca\/Wordpress\/wp-json\/wp\/v2\/comments?post=4933"}],"version-history":[{"count":16,"href":"https:\/\/lesloriots.ca\/Wordpress\/wp-json\/wp\/v2\/pages\/4933\/revisions"}],"predecessor-version":[{"id":6258,"href":"https:\/\/lesloriots.ca\/Wordpress\/wp-json\/wp\/v2\/pages\/4933\/revisions\/6258"}],"wp:attachment":[{"href":"https:\/\/lesloriots.ca\/Wordpress\/wp-json\/wp\/v2\/media?parent=4933"}],"curies":[{"name":"wp","href":"https:\/\/api.w.org\/{rel}","templated":true}]}}