{"id":348,"date":"2016-09-30T08:42:33","date_gmt":"2016-09-30T12:42:33","guid":{"rendered":"http:\/\/lesloriots.ca\/Wordpress\/?page_id=348"},"modified":"2025-07-06T15:21:53","modified_gmt":"2025-07-06T19:21:53","slug":"discographie","status":"publish","type":"page","link":"https:\/\/lesloriots.ca\/Wordpress\/discographie\/","title":{"rendered":"Discographie"},"content":{"rendered":"\n<p>Au court de leur existence, les Loriots de Cap-Rouge ont produit quelques CDs (disques compacts) commerciaux.<\/p>\n\n\n\n<hr class=\"wp-block-separator has-alpha-channel-opacity\"\/>\n\n\n\n<h3 class=\"wp-block-heading\">D\u00e9sol\u00e9 ! &nbsp;\u00c9puis\u00e9s !<\/h3>\n\n\n\n<div class=\"wp-block-group is-nowrap is-layout-flex wp-container-core-group-is-layout-ad2f72ca wp-block-group-is-layout-flex\">\n<figure class=\"wp-block-image size-full is-resized\"><a href=\"https:\/\/lesloriots.ca\/Wordpress\/les-loriots-chantent-noel\/\" target=\"_blank\" rel=\" noreferrer noopener\"><img loading=\"lazy\" decoding=\"async\" width=\"768\" height=\"768\" src=\"https:\/\/lesloriots.ca\/Wordpress\/wp-content\/uploads\/2025\/07\/LORIOTS-LoriotsChantentNoel-2013.jpg\" alt=\"\" class=\"wp-image-6151\" style=\"width:298px;height:auto\" srcset=\"https:\/\/lesloriots.ca\/Wordpress\/wp-content\/uploads\/2025\/07\/LORIOTS-LoriotsChantentNoel-2013.jpg 768w, https:\/\/lesloriots.ca\/Wordpress\/wp-content\/uploads\/2025\/07\/LORIOTS-LoriotsChantentNoel-2013-300x300.jpg 300w, https:\/\/lesloriots.ca\/Wordpress\/wp-content\/uploads\/2025\/07\/LORIOTS-LoriotsChantentNoel-2013-150x150.jpg 150w\" sizes=\"auto, (max-width: 768px) 100vw, 768px\" \/><\/a><figcaption class=\"wp-element-caption\">2013<\/figcaption><\/figure>\n\n\n\n<figure class=\"wp-block-image size-full is-resized wp-container-content-69bc4bdf\"><a href=\"https:\/\/lesloriots.ca\/Wordpress\/si-on-chantait-la-vie\/\" target=\"_blank\" rel=\" noreferrer noopener\"><img loading=\"lazy\" decoding=\"async\" width=\"600\" height=\"590\" src=\"https:\/\/lesloriots.ca\/Wordpress\/wp-content\/uploads\/2025\/07\/LORIOTS-SiOnChantaitLaVie-2007.jpg\" alt=\"\" class=\"wp-image-6149\" style=\"width:303px;height:auto\" srcset=\"https:\/\/lesloriots.ca\/Wordpress\/wp-content\/uploads\/2025\/07\/LORIOTS-SiOnChantaitLaVie-2007.jpg 600w, https:\/\/lesloriots.ca\/Wordpress\/wp-content\/uploads\/2025\/07\/LORIOTS-SiOnChantaitLaVie-2007-300x295.jpg 300w\" sizes=\"auto, (max-width: 600px) 100vw, 600px\" \/><\/a><figcaption class=\"wp-element-caption\">2007<\/figcaption><\/figure>\n\n\n\n<figure class=\"wp-block-image size-full is-resized\"><a href=\"https:\/\/lesloriots.ca\/Wordpress\/ya-pas-deux-chansons-pareilles\/\" target=\"_blank\" rel=\" noreferrer noopener\"><img loading=\"lazy\" decoding=\"async\" width=\"607\" height=\"600\" src=\"https:\/\/lesloriots.ca\/Wordpress\/wp-content\/uploads\/2025\/07\/LORIOTS-YaPasDeuxChansonsPareilles-2004.jpg\" alt=\"\" class=\"wp-image-6150\" style=\"width:301px;height:auto\" srcset=\"https:\/\/lesloriots.ca\/Wordpress\/wp-content\/uploads\/2025\/07\/LORIOTS-YaPasDeuxChansonsPareilles-2004.jpg 607w, https:\/\/lesloriots.ca\/Wordpress\/wp-content\/uploads\/2025\/07\/LORIOTS-YaPasDeuxChansonsPareilles-2004-300x297.jpg 300w\" sizes=\"auto, (max-width: 607px) 100vw, 607px\" \/><\/a><figcaption class=\"wp-element-caption\">2004<\/figcaption><\/figure>\n<\/div>\n\n\n\n<div class=\"wp-block-group is-nowrap is-layout-flex wp-container-core-group-is-layout-ad2f72ca wp-block-group-is-layout-flex\">\n<figure class=\"wp-block-image size-full is-resized\"><a href=\"https:\/\/lesloriots.ca\/Wordpress\/noel-2003\/\" target=\"_blank\" rel=\" noreferrer noopener\"><img loading=\"lazy\" decoding=\"async\" width=\"600\" height=\"600\" src=\"https:\/\/lesloriots.ca\/Wordpress\/wp-content\/uploads\/2025\/07\/LORIOTS-Noel-2003.jpg\" alt=\"\" class=\"wp-image-6152\" style=\"width:297px;height:auto\" srcset=\"https:\/\/lesloriots.ca\/Wordpress\/wp-content\/uploads\/2025\/07\/LORIOTS-Noel-2003.jpg 600w, https:\/\/lesloriots.ca\/Wordpress\/wp-content\/uploads\/2025\/07\/LORIOTS-Noel-2003-300x300.jpg 300w, https:\/\/lesloriots.ca\/Wordpress\/wp-content\/uploads\/2025\/07\/LORIOTS-Noel-2003-150x150.jpg 150w\" sizes=\"auto, (max-width: 600px) 100vw, 600px\" \/><\/a><figcaption class=\"wp-element-caption\">2003<\/figcaption><\/figure>\n\n\n\n<figure class=\"wp-block-image size-full is-resized\"><a href=\"https:\/\/lesloriots.ca\/Wordpress\/wp-content\/uploads\/2025\/07\/LORIOTS-Envolee-1997.jpg\" target=\"_blank\" rel=\" noreferrer noopener\"><img loading=\"lazy\" decoding=\"async\" width=\"499\" height=\"500\" src=\"https:\/\/lesloriots.ca\/Wordpress\/wp-content\/uploads\/2025\/07\/LORIOTS-Envolee-1997.jpg\" alt=\"\" class=\"wp-image-6144\" style=\"width:296px;height:auto\" srcset=\"https:\/\/lesloriots.ca\/Wordpress\/wp-content\/uploads\/2025\/07\/LORIOTS-Envolee-1997.jpg 499w, https:\/\/lesloriots.ca\/Wordpress\/wp-content\/uploads\/2025\/07\/LORIOTS-Envolee-1997-300x300.jpg 300w, https:\/\/lesloriots.ca\/Wordpress\/wp-content\/uploads\/2025\/07\/LORIOTS-Envolee-1997-150x150.jpg 150w\" sizes=\"auto, (max-width: 499px) 100vw, 499px\" \/><\/a><figcaption class=\"wp-element-caption\">1997<\/figcaption><\/figure>\n<\/div>\n\n\n\n<p><\/p>\n","protected":false},"excerpt":{"rendered":"<p>Au court de leur existence, les Loriots de Cap-Rouge ont produit quelques CDs (disques compacts) commerciaux. D\u00e9sol\u00e9 ! &nbsp;\u00c9puis\u00e9s !<\/p>\n","protected":false},"author":1,"featured_media":0,"parent":0,"menu_order":0,"comment_status":"closed","ping_status":"closed","template":"","meta":{"generate_page_header":"","footnotes":""},"class_list":["post-348","page","type-page","status-publish"],"_links":{"self":[{"href":"https:\/\/lesloriots.ca\/Wordpress\/wp-json\/wp\/v2\/pages\/348","targetHints":{"allow":["GET"]}}],"collection":[{"href":"https:\/\/lesloriots.ca\/Wordpress\/wp-json\/wp\/v2\/pages"}],"about":[{"href":"https:\/\/lesloriots.ca\/Wordpress\/wp-json\/wp\/v2\/types\/page"}],"author":[{"embeddable":true,"href":"https:\/\/lesloriots.ca\/Wordpress\/wp-json\/wp\/v2\/users\/1"}],"replies":[{"embeddable":true,"href":"https:\/\/lesloriots.ca\/Wordpress\/wp-json\/wp\/v2\/comments?post=348"}],"version-history":[{"count":31,"href":"https:\/\/lesloriots.ca\/Wordpress\/wp-json\/wp\/v2\/pages\/348\/revisions"}],"predecessor-version":[{"id":6169,"href":"https:\/\/lesloriots.ca\/Wordpress\/wp-json\/wp\/v2\/pages\/348\/revisions\/6169"}],"wp:attachment":[{"href":"https:\/\/lesloriots.ca\/Wordpress\/wp-json\/wp\/v2\/media?parent=348"}],"curies":[{"name":"wp","href":"https:\/\/api.w.org\/{rel}","templated":true}]}}