{"id":190,"date":"2016-09-26T15:48:33","date_gmt":"2016-09-26T19:48:33","guid":{"rendered":"http:\/\/lesloriots.ca\/Wordpress\/?page_id=190"},"modified":"2026-03-03T18:46:35","modified_gmt":"2026-03-03T23:46:35","slug":"devenir-membre","status":"publish","type":"page","link":"https:\/\/lesloriots.ca\/Wordpress\/devenir-membre\/","title":{"rendered":"Devenir membre"},"content":{"rendered":"<p>Chaque ann\u00e9e, toutes les personnes int\u00e9ress\u00e9es \u00e0 se joindre aux Loriots comme sopranos, altos, t\u00e9nors ou basses sont les bienvenues. Vous joindre au Groupe vocal Les Loriots signifie que :<\/p>\n<ul>\n<li>vous adh\u00e9rez \u00e0 un groupe vocal reconnu offrant une prestation de qualit\u00e9;<\/li>\n<li>vous b\u00e9n\u00e9ficiez d\u2019un accueil et d\u2019un soutien facilitant votre int\u00e9gration;<\/li>\n<li>vous int\u00e9grez un groupe vocal avec une forte fibre sociale, un esprit d\u2019entraide et un engagement encourag\u00e9 par la participation, sur une base volontaire, aux diff\u00e9rents comit\u00e9s.<\/li>\n<\/ul>\n\n<h3><span style=\"color: #ff0000;\">Activit\u00e9s<\/span><\/h3>\n<p>Les activit\u00e9s r\u00e9guli\u00e8res s\u2019\u00e9chelonnent du d\u00e9but de septembre \u00e0 la fin de juin et se tiennent au centre communautaire de Cap-Rouge, 4473, rue Saint-F\u00e9lix, Qu\u00e9bec.<\/p>\n<p>Les apprentissages se font en pupitre et en pl\u00e9ni\u00e8re lors des r\u00e9p\u00e9titions r\u00e9guli\u00e8res, les mercredis soirs de 19 h \u00e0 21 h 30, et des journ\u00e9es intensives, un dimanche par mois.<\/p>\n<p>Entre les r\u00e9p\u00e9titions, un investissement personnel est requis et se fait \u00e0 l\u2019aide d&rsquo;enregistrements audio d\u2019apprentissage t\u00e9l\u00e9chargeables par les choristes.<\/p>\n<div id=\"contenuAc\">\n<h3><span style=\"color: #ff0000;\">Exigences et engagement<\/span><\/h3>\n<p>Pour devenir membre du Groupe vocal Les Loriots, il faut :<\/p>\n<ul>\n<li>avoir une voix juste;<\/li>\n<li>passer avec succ\u00e8s une audition;<\/li>\n<li>partager les objectifs du groupe;<\/li>\n<li>respecter les engagements comme membre du groupe;<\/li>\n<li>payer une cotisation annuelle.<\/li>\n<\/ul>\n<h3><span style=\"color: #ff0000;\">Pour vous inscrire<\/span><\/h3>\n<p>La p\u00e9riode officielle d\u2019inscription se situe en septembre de chaque ann\u00e9e. Il est \u00e9galement possible de se joindre au groupe en cours d\u2019ann\u00e9e.\u00a0<a href=\"http:\/\/www.lesloriots.ca\/Wordpress\/contact\">Contactez-nous<\/a>\u00a0!<\/p>\n<p>D\u00e9but des activit\u00e9s de la saison 2025-2026 : le mercredi 10 septembre 2025.<\/p>\n<\/div>\n","protected":false},"excerpt":{"rendered":"<p>Chaque ann\u00e9e, toutes les personnes int\u00e9ress\u00e9es \u00e0 se joindre aux Loriots comme sopranos, altos, t\u00e9nors ou basses sont les bienvenues. Vous joindre au Groupe vocal Les Loriots signifie que : vous adh\u00e9rez \u00e0 un groupe vocal reconnu offrant une prestation de qualit\u00e9; vous b\u00e9n\u00e9ficiez d\u2019un accueil et d\u2019un soutien facilitant votre int\u00e9gration; vous int\u00e9grez un &#8230; <a title=\"Devenir membre\" class=\"read-more\" href=\"https:\/\/lesloriots.ca\/Wordpress\/devenir-membre\/\" aria-label=\"En savoir plus sur Devenir membre\">Read more<\/a><\/p>\n","protected":false},"author":1,"featured_media":0,"parent":0,"menu_order":6,"comment_status":"closed","ping_status":"closed","template":"","meta":{"generate_page_header":"","footnotes":""},"class_list":["post-190","page","type-page","status-publish"],"_links":{"self":[{"href":"https:\/\/lesloriots.ca\/Wordpress\/wp-json\/wp\/v2\/pages\/190","targetHints":{"allow":["GET"]}}],"collection":[{"href":"https:\/\/lesloriots.ca\/Wordpress\/wp-json\/wp\/v2\/pages"}],"about":[{"href":"https:\/\/lesloriots.ca\/Wordpress\/wp-json\/wp\/v2\/types\/page"}],"author":[{"embeddable":true,"href":"https:\/\/lesloriots.ca\/Wordpress\/wp-json\/wp\/v2\/users\/1"}],"replies":[{"embeddable":true,"href":"https:\/\/lesloriots.ca\/Wordpress\/wp-json\/wp\/v2\/comments?post=190"}],"version-history":[{"count":43,"href":"https:\/\/lesloriots.ca\/Wordpress\/wp-json\/wp\/v2\/pages\/190\/revisions"}],"predecessor-version":[{"id":6412,"href":"https:\/\/lesloriots.ca\/Wordpress\/wp-json\/wp\/v2\/pages\/190\/revisions\/6412"}],"wp:attachment":[{"href":"https:\/\/lesloriots.ca\/Wordpress\/wp-json\/wp\/v2\/media?parent=190"}],"curies":[{"name":"wp","href":"https:\/\/api.w.org\/{rel}","templated":true}]}}