{"id":155,"date":"2016-09-14T11:27:34","date_gmt":"2016-09-14T15:27:34","guid":{"rendered":"http:\/\/lesloriots.ca\/Wordpress\/?page_id=155"},"modified":"2026-03-03T18:49:32","modified_gmt":"2026-03-03T23:49:32","slug":"sopranos","status":"publish","type":"page","link":"https:\/\/lesloriots.ca\/Wordpress\/membres\/sopranos\/","title":{"rendered":"Sopranos"},"content":{"rendered":"<h5><strong>Chef de pupitre <\/strong>: Dominique Boudreault-Sauvageau<\/h5>\n<hr \/>\n<figure id=\"attachment_6107\" aria-describedby=\"caption-attachment-6107\" style=\"width: 690px\" class=\"wp-caption alignright\"><a href=\"https:\/\/lesloriots.ca\/Wordpress\/wp-content\/uploads\/2026\/02\/20260211_201936-corrige-scaled.jpg\" target=\"_blank\" rel=\"noopener\"><img loading=\"lazy\" decoding=\"async\" class=\"wp-image-6107\" src=\"https:\/\/lesloriots.ca\/Wordpress\/wp-content\/uploads\/2026\/02\/20260211_201936-corrige-scaled.jpg\" alt=\"\" width=\"700\" height=\"468\" \/><\/a><figcaption id=\"caption-attachment-6107\" class=\"wp-caption-text\">Pupitre des Sopranos (Photo : Marie-Mich\u00e8le Langlois, 11 f\u00e9vrier 2026)<\/figcaption><\/figure>\n<p>Ginette Beaudoin<br \/>\nDominique Boudreault-<br \/>\nSauvageau<br \/>\nM\u00e9lanie C\u00f4t\u00e9<br \/>\nAudrey Dumont<br \/>\nJulie Joncart<br \/>\nMonique Lachapelle<br \/>\nMarie-Mich\u00e8le Langlois<br \/>\nLise Lemay<br \/>\nMartine Lemay<br \/>\nNathalie Marion<br \/>\nJohanne Pageau<br \/>\nMarie-\u00c8ve Savard<\/p>\n<p style=\"text-align: left;\"><em>Janvier 2026<\/em><\/p>\n","protected":false},"excerpt":{"rendered":"<p>Chef de pupitre : Dominique Boudreault-Sauvageau Ginette Beaudoin Dominique Boudreault- Sauvageau M\u00e9lanie C\u00f4t\u00e9 Audrey Dumont Julie Joncart Monique Lachapelle Marie-Mich\u00e8le Langlois Lise Lemay Martine Lemay Nathalie Marion Johanne Pageau Marie-\u00c8ve Savard Janvier 2026<\/p>\n","protected":false},"author":1,"featured_media":0,"parent":153,"menu_order":1,"comment_status":"closed","ping_status":"closed","template":"","meta":{"generate_page_header":"","footnotes":""},"class_list":["post-155","page","type-page","status-publish"],"_links":{"self":[{"href":"https:\/\/lesloriots.ca\/Wordpress\/wp-json\/wp\/v2\/pages\/155","targetHints":{"allow":["GET"]}}],"collection":[{"href":"https:\/\/lesloriots.ca\/Wordpress\/wp-json\/wp\/v2\/pages"}],"about":[{"href":"https:\/\/lesloriots.ca\/Wordpress\/wp-json\/wp\/v2\/types\/page"}],"author":[{"embeddable":true,"href":"https:\/\/lesloriots.ca\/Wordpress\/wp-json\/wp\/v2\/users\/1"}],"replies":[{"embeddable":true,"href":"https:\/\/lesloriots.ca\/Wordpress\/wp-json\/wp\/v2\/comments?post=155"}],"version-history":[{"count":64,"href":"https:\/\/lesloriots.ca\/Wordpress\/wp-json\/wp\/v2\/pages\/155\/revisions"}],"predecessor-version":[{"id":6413,"href":"https:\/\/lesloriots.ca\/Wordpress\/wp-json\/wp\/v2\/pages\/155\/revisions\/6413"}],"up":[{"embeddable":true,"href":"https:\/\/lesloriots.ca\/Wordpress\/wp-json\/wp\/v2\/pages\/153"}],"wp:attachment":[{"href":"https:\/\/lesloriots.ca\/Wordpress\/wp-json\/wp\/v2\/media?parent=155"}],"curies":[{"name":"wp","href":"https:\/\/api.w.org\/{rel}","templated":true}]}}