{"id":100,"date":"2016-08-30T14:14:17","date_gmt":"2016-08-30T18:14:17","guid":{"rendered":"http:\/\/lesloriots.ca\/Wordpress\/?page_id=100"},"modified":"2026-03-12T13:15:09","modified_gmt":"2026-03-12T17:15:09","slug":"equipe-musicale","status":"publish","type":"page","link":"https:\/\/lesloriots.ca\/Wordpress\/equipe-musicale\/","title":{"rendered":"\u00c9quipe musicale"},"content":{"rendered":"<h3><span style=\"text-decoration: underline;\"><strong>Concert populaire<\/strong><\/span><\/h3>\n<h3><img loading=\"lazy\" decoding=\"async\" class=\"alignleft wp-image-5422 \" src=\"https:\/\/lesloriots.ca\/Wordpress\/wp-content\/uploads\/2026\/03\/Eve-Marie-Laflamme-new.jpg\" alt=\"\" width=\"226\" height=\"321\" \/>Directrice musicale : \u00c8ve-Marie Laflamme<\/h3>\n<div>\n<p class=\"x_MsoNormal\">Eve-Marie Laflamme est cheffe de ch\u0153ur, interpr\u00e8te et p\u00e9dagogue. Elle d\u00e9veloppe une approche musicale\u00a0nourrie par l\u2019improvisation et le m\u00e9tissage des styles\u00a0o\u00f9 la voix est envisag\u00e9e comme un v\u00e9ritable instrument, au service du sens.\u00a0<\/p>\n<\/div>\n<div>\n<p class=\"x_MsoNormal\"><span style=\"font-size: revert;\">Originaire de Qu\u00e9bec, elle d\u00e9tient un baccalaur\u00e9at et une ma\u00eetrise en interpr\u00e9tation du chant populaire et jazz. Active sur la sc\u00e8ne musicale r\u00e9gionale, elle dirige depuis 2016 l\u2019ensemble Echo Gospel de L\u00e9vis, o\u00f9 elle renouvelle le r\u00e9pertoire et l\u2019approche interpr\u00e9tative, et enseigne le chant \u00e0 des personnes de tous \u00e2ges et niveaux.<\/span><\/p>\n<\/div>\n<div>\n<p class=\"x_MsoNormal\"><span style=\"font-size: revert;\">L\u2019humain, la bienveillance et le plaisir de faire de la musique ensemble sont au c\u0153ur de sa d\u00e9marche artistique et p\u00e9dagogique. Une cheffe de c\u0153ur !<\/span><\/p>\n<\/div>\n<hr \/>\n<figure id=\"attachment_1911\" aria-describedby=\"caption-attachment-1911\" style=\"width: 215px\" class=\"wp-caption alignleft\"><img loading=\"lazy\" decoding=\"async\" class=\"wp-image-1911\" src=\"http:\/\/lesloriots.ca\/Wordpress\/wp-content\/uploads\/2019\/05\/Photo-Louis-Laprise-Cr\u00e9dits-Dylan-Page-225x300.jpg\" alt=\"\" width=\"225\" height=\"300\" srcset=\"https:\/\/lesloriots.ca\/Wordpress\/wp-content\/uploads\/2019\/05\/Photo-Louis-Laprise-Cr\u00e9dits-Dylan-Page-225x300.jpg 225w, https:\/\/lesloriots.ca\/Wordpress\/wp-content\/uploads\/2019\/05\/Photo-Louis-Laprise-Cr\u00e9dits-Dylan-Page-768x1024.jpg 768w, https:\/\/lesloriots.ca\/Wordpress\/wp-content\/uploads\/2019\/05\/Photo-Louis-Laprise-Cr\u00e9dits-Dylan-Page.jpg 1776w\" sizes=\"auto, (max-width: 225px) 100vw, 225px\" \/><figcaption id=\"caption-attachment-1911\" class=\"wp-caption-text\">Photo : Dylan Page<\/figcaption><\/figure>\n<h3>Pianiste accompagnateur : Louis Laprise<\/h3>\n<div class=\"equipersonne\">\n<p>Issu d\u2019une famille de musiciens, Louis Laprise commence l\u2019\u00e9tude du piano d\u00e8s l\u2019\u00e2ge de quatre ans. Il \u00e9tudie au C\u00e9gep de Ste-Foy, puis \u00e0 l\u2019Universit\u00e9 Laval o\u00f9 il obtient d\u2019abord un baccalaur\u00e9at en musique \u2013 interpr\u00e9tation classique ainsi qu&rsquo;un autre en interpr\u00e9tation jazz.<\/p>\n<p>\u00c9galement saxophoniste et chanteur, il accompagne musiciens et interpr\u00e8tes de divers styles musicaux, du classique au jazz, en passant par le populaire. Il chante <em>a capella<\/em> dans le groupe vocal Jazz Affair. Il enseigne au Pavillon Saint-Louis-de-Gonzague de l\u2019Acad\u00e9mie Saint-Louis depuis 2010.<\/p>\n<p>Il s\u2019est joint au Groupe vocal Les Loriots en 2012.<\/p>\n<p>\u00a0<\/p>\n<\/div>\n<hr \/>\n\n\n<h3 class=\"wp-block-heading\"><span style=\"text-decoration: underline;\"><strong>Concert de No\u00ebl<\/strong><\/span><\/h3>\n\n\n<div class=\"wp-block-image\">\n<figure class=\"alignleft size-large is-resized\"><img loading=\"lazy\" decoding=\"async\" width=\"763\" height=\"1024\" src=\"https:\/\/lesloriots.ca\/Wordpress\/wp-content\/uploads\/2024\/12\/Caroline-2024-contrate20-763x1024.jpg\" alt=\"\" class=\"wp-image-6045\" style=\"width:225px\" srcset=\"https:\/\/lesloriots.ca\/Wordpress\/wp-content\/uploads\/2024\/12\/Caroline-2024-contrate20-763x1024.jpg 763w, https:\/\/lesloriots.ca\/Wordpress\/wp-content\/uploads\/2024\/12\/Caroline-2024-contrate20-224x300.jpg 224w, https:\/\/lesloriots.ca\/Wordpress\/wp-content\/uploads\/2024\/12\/Caroline-2024-contrate20-768x1030.jpg 768w, https:\/\/lesloriots.ca\/Wordpress\/wp-content\/uploads\/2024\/12\/Caroline-2024-contrate20-1145x1536.jpg 1145w, https:\/\/lesloriots.ca\/Wordpress\/wp-content\/uploads\/2024\/12\/Caroline-2024-contrate20-1527x2048.jpg 1527w, https:\/\/lesloriots.ca\/Wordpress\/wp-content\/uploads\/2024\/12\/Caroline-2024-contrate20.jpg 1722w\" sizes=\"auto, (max-width: 763px) 100vw, 763px\" \/><\/figure>\n<\/div>\n\n\n<h3 class=\"wp-block-heading\">Directrice musicale&nbsp;invit\u00e9e : Caroline Veillette<\/h3>\n\n\n\n<p>Caroline Veillette a \u00e9tudi\u00e9 la musique et compl\u00e9t\u00e9 des ma\u00eetrises en musique de chambre et en interpr\u00e9tation. Elle a d\u00e9but\u00e9 sa carri\u00e8re dans l\u2019animation et l\u2019enseignement du fran\u00e7ais \u00e0 l\u2019\u00c9cole des langues vivantes \u00e0 l\u2019Universit\u00e9 Laval. Par la suite, son cheminement professionnel a \u00e9t\u00e9 empreint d\u2019entrepreneuriat, puisqu\u2019elle a continu\u00e9&nbsp;\u00e0 \u0153uvrer \u00e0 titre de travailleuse autonome.<\/p>\n\n\n\n<p>Pendant plus de 35 ans, elle a enseign\u00e9 le piano, le violon et solf\u00e8ge aupr\u00e8s de plusieurs \u00e9l\u00e8ves de la r\u00e9gion de Qu\u00e9bec. Elle a \u00e9t\u00e9 directrice musicale et r\u00e9p\u00e9titrice aupr\u00e8s de plusieurs ch\u0153urs. Mentionnons entre autres ceux de l\u2019Orchestre symphonique de Qu\u00e9bec, de la Cl\u00e9 des saisons, de la Colline et m\u00eame le Groupe vocal Les Loriots il y a quelques ann\u00e9es. Musicienne dans l\u2019\u00e2me, sa passion l\u2019a amen\u00e9 \u00e0 \u00eatre pianiste aupr\u00e8s de Qu\u00e9bec High School, Les Grands Ballets Canadiens, l\u2019\u00c9cole de danse de Qu\u00e9bec et Le Domaine Forget de Charlevoix.<\/p>\n\n\n\n<p>Elle s\u2019est aussi impliqu\u00e9e socialement comme musicienne \u00e0 la Maison Michel-Sarrazin et au Monast\u00e8re des Augustines.<\/p>\n","protected":false},"excerpt":{"rendered":"<p>Concert populaire Directrice musicale : \u00c8ve-Marie Laflamme Eve-Marie Laflamme est cheffe de ch\u0153ur, interpr\u00e8te et p\u00e9dagogue. Elle d\u00e9veloppe une approche musicale\u00a0nourrie par l\u2019improvisation et le m\u00e9tissage des styles\u00a0o\u00f9 la voix est envisag\u00e9e comme un v\u00e9ritable instrument, au service du sens.\u00a0 Originaire de Qu\u00e9bec, elle d\u00e9tient un baccalaur\u00e9at et une ma\u00eetrise en interpr\u00e9tation du chant populaire &#8230; <a title=\"\u00c9quipe musicale\" class=\"read-more\" href=\"https:\/\/lesloriots.ca\/Wordpress\/equipe-musicale\/\" aria-label=\"En savoir plus sur \u00c9quipe musicale\">Read more<\/a><\/p>\n","protected":false},"author":1,"featured_media":0,"parent":0,"menu_order":1,"comment_status":"closed","ping_status":"closed","template":"","meta":{"generate_page_header":"","footnotes":""},"class_list":["post-100","page","type-page","status-publish"],"_links":{"self":[{"href":"https:\/\/lesloriots.ca\/Wordpress\/wp-json\/wp\/v2\/pages\/100","targetHints":{"allow":["GET"]}}],"collection":[{"href":"https:\/\/lesloriots.ca\/Wordpress\/wp-json\/wp\/v2\/pages"}],"about":[{"href":"https:\/\/lesloriots.ca\/Wordpress\/wp-json\/wp\/v2\/types\/page"}],"author":[{"embeddable":true,"href":"https:\/\/lesloriots.ca\/Wordpress\/wp-json\/wp\/v2\/users\/1"}],"replies":[{"embeddable":true,"href":"https:\/\/lesloriots.ca\/Wordpress\/wp-json\/wp\/v2\/comments?post=100"}],"version-history":[{"count":52,"href":"https:\/\/lesloriots.ca\/Wordpress\/wp-json\/wp\/v2\/pages\/100\/revisions"}],"predecessor-version":[{"id":6426,"href":"https:\/\/lesloriots.ca\/Wordpress\/wp-json\/wp\/v2\/pages\/100\/revisions\/6426"}],"wp:attachment":[{"href":"https:\/\/lesloriots.ca\/Wordpress\/wp-json\/wp\/v2\/media?parent=100"}],"curies":[{"name":"wp","href":"https:\/\/api.w.org\/{rel}","templated":true}]}}